= 1351*d + 66940. What is the tens digit of d?
9
Let l = -544 + 546. What is the units digit of (l - 3) + -5 - -405?
9
Let x(a) = a**2 + 11*a + 3. Suppose -4*q = -q + 39. Let y = q - -1. What is the tens digit of x(y)?
1
Suppose 5 = 25*r - 24*r. Suppose 2*c + r*l + 2 = 17, -30 = -5*c - 5*l. Suppose c*x - 29 = 61. What is the units digit of x?
8
Suppose -19*f + 15*f + 18472 = 0. What is the units digit of f?
8
Suppose 121*o + 2*x = 118*o + 36807, -24538 = -2*o + 4*x. What is the ten thousands digit of o?
1
Let x be (2/4)/(10/40). Let n(t) = 3*t**x + 2*t - 7 - 3*t + 0*t. What is the units digit of n(5)?
3
Let j = 103 + -91. Suppose j*o - 21298 = 1526. What is the units digit of (-6)/(-14) + o/21?
1
Let w = 47281 + -15175. What is the units digit of w?
6
Suppose v - 4*u = 5247, 42*u = -3*v + 46*u + 15741. What is the units digit of v?
7
What is the thousands digit of ((-38)/(-57))/(18/260199)?
9
Suppose -15*y + 0*y = -51405. What is the tens digit of y?
2
Let g = -13 - 10. Let p be g/(-5) + (-6)/10. Suppose p*k = 5*z + 47, -4*k = -0*z + 3*z - 87. What is the units digit of k?
8
Let y(u) = 23*u**2 + 2*u + 4 - 5*u + 6*u. Let l(a) = -a**2 - 22*a - 23. Let w be l(-21). What is the units digit of y(w)?
0
Suppose 5*g + 4*p = 26, 5*g - 64 + 31 = 3*p. Suppose 0 = x - 12. Suppose 0*s = g*s - x. What is the units digit of s?
2
Suppose -1 - 3 = -2*v, v = -c + 54. Suppose -j - c = 5*b, 5*j - 3*b + 91 = 3*j. Let r = 108 - j. What is the tens digit of r?
5
Suppose 4*z + 3*g - 29105 = 0, 0 = 3*z - 2*g - 24969 + 3119. Suppose 0 = 40*x - 26*x - z. What is the hundreds digit of x?
5
Let y = 96 - -28. Let c = y - -156. What is the tens digit of c?
8
Let t = 14880 + -5565. What is the tens digit of t?
1
Suppose -23*g - 10 = -25*g. Suppose -4*v + 2206 = 2*k, -g*v - k + 2759 = -0*k. What is the hundreds digit of v?
5
Suppose -6*o = -3*o + 10*o - 481. What is the units digit of o?
7
Suppose 27*y - 77*y = -5436 - 183814. What is the units digit of y?
5
Let x = -12 - -18. Suppose 0 - x = -w. What is the units digit of (w - (1 + 3)) + 124?
6
Let a be 18/4*(-12)/(-27). Suppose -2*p = -4 - a. Suppose 3*x + p*w = -w + 235, w - 165 = -2*x. What is the tens digit of x?
8
Suppose 0 = 4*u - 16, -3*b + 0*b + 3*u = 537. Let z = 196 + b. What is the units digit of z?
1
Suppose -138 + 18 = -12*n. Suppose -4*f + 4*a + 1480 = 0, -n*a = 4*f - 8*a - 1474. What is the hundreds digit of f?
3
Let c(x) = -478*x - 117. Let k be c(-8). Suppose 28*t - 25021 = k. What is the thousands digit of t?
1
Suppose 11424 = -30*t + 25*t + 54924. What is the hundreds digit of t?
7
What is the tens digit of 628/(-1727) - (-199086)/22?
4
Suppose -2*c - 2*s + 18916 + 9506 = 0, 2*s - 71061 = -5*c. What is the ten thousands digit of c?
1
Suppose -8*f + 15 = -9. Suppose -4*t + 2*z - f*z - 113 = 0, t + 5*z = -14. Let g = t + 168. What is the hundreds digit of g?
1
Suppose -259435 = 56*h - 111*h. What is the hundreds digit of h?
7
Let k = -31 - -29. What is the units digit of (k/(-4))/((-38)/(-14516))?
1
Let d be (-3 + (-10)/(-4))/(2/300). Let h = 72 + d. What is the tens digit of (h + 2)*-16*7?
1
Suppose 0 = -4*u + 4*r - 3*r - 259, -4*u = -3*r + 249. What is the tens digit of (1*(-8)/3)/(u/12771)?
1
Let o(f) = -26*f - 3 - 14*f**2 + 934*f**3 - 933*f**3 + 0 + 16. What is the tens digit of o(17)?
3
Let g(i) = -i**2 - 7*i - 9. Let b be g(-5). Let t(d) = 755*d. What is the hundreds digit of t(b)?
7
Let h be 0*5/(-20)*-4. Suppose h = -m + p + 234, 5*p - 372 = -2*m + 131. Let w = m - 123. What is the hundreds digit of w?
1
Suppose 0 = 5*m - 9*m + 92. Suppose 0 = -30*w + m*w + 3864. What is the units digit of w?
2
Suppose 5*w - 25 = -0*w. Let z be 7 - -3*(5 + -6). Suppose -327 = -5*x - 2*s, -x - z*s + 64 = -w*s. What is the units digit of x?
5
Let x = -3420 + 12456. What is the hundreds digit of x?
0
Let v be (-2)/4 + (-45)/(-10). Suppose 5*u + 948 = 10*r - 9*r, 0 = v*r - 4*u - 3808. What is the tens digit of r?
5
Suppose -v + 6*v = -10. Let j be -3*v/(-15) - (-72)/30. What is the units digit of (-51)/(j/((-16)/12))?
4
Suppose -4*v = 3*g + 348, 3*g + 435 = -4*v - v. Let d = 128 + v. Suppose -2*i - d = -l, -14 - 11 = -l - 2*i. What is the units digit of l?
3
What is the units digit of (3537/(-81))/(-1*(-4)/(-768))?
4
Let l(t) = 33*t**2 - 4*t - 8. Let m be l(4). Suppose -2*p - 6*p + m = 0. Suppose -6*y + 45 = -p. What is the tens digit of y?
1
Let b = 94981 - 55000. What is the units digit of b?
1
Let g = 1131 + 10322. What is the hundreds digit of g?
4
Let u(k) = -k**3 + 41*k**2 - 22*k + 191. What is the hundreds digit of u(17)?
7
Let j be (-42)/70*(3 - 13). Suppose -2*z + 496 = -j. What is the hundreds digit of z?
2
Let h be 3*(-6 + 7) + 14. Let w(v) = -v**2 - 28*v + 50. Let j(x) = -x**2 - 1. Let f(a) = -3*j(a) + w(a). What is the hundreds digit of f(h)?
1
Suppose -3*t = -4*c - 13460 - 8288, -2*t + 5*c = -14487. What is the tens digit of t?
5
Suppose 4*c - 4*f = 275216, -31*c + 26*c = 6*f - 344009. What is the hundreds digit of c?
8
Let w = 473 + 293. Suppose -34 = -3*j + 5*b, -4*b = -5*j + 37 - 2. Suppose -3*k + 0*k = 2*a - w, 3*a = -j. What is the tens digit of k?
5
Let a(j) = j**3 - 23*j**2 + 15*j**2 - 11*j**2 - 55 - 3*j**2 + 22*j. What is the hundreds digit of a(22)?
4
What is the tens digit of 2/((-277112)/46189 + 6)?
9
Suppose -13*d = -2*x + 150653, 5*x + 10*d = 6*d + 376377. What is the units digit of x?
1
Suppose 0 = -5*b - 4*l + 11464 + 1423, 3*b = -5*l + 7740. Suppose 9*o = 14*o + 5*n - b, 2*o - 1018 = 4*n. What is the tens digit of o?
1
Let m(v) = 204*v + 317. Let a be m(36). Suppose -36*k + a = -6127. What is the tens digit of k?
8
Suppose 3*u - 122533 = -h, 0 = -4*u + 11*h + 129784 + 33655. What is the hundreds digit of u?
8
Let h = 215 + -210. Suppose 5*n - 7*n - 4*s = -734, 0 = h*n + 5*s - 1815. What is the tens digit of n?
5
Suppose -42003 = -t - 3*p, -5*t + 8*t + 2*p - 126002 = 0. Suppose t - 10440 = 24*a. What is the thousands digit of a?
1
Let t(b) = 5*b**2 + 13*b + 395. What is the hundreds digit of t(-19)?
9
Let b(a) = 8*a**2 - 5*a - 85. Suppose 6*j + 25 = -17. What is the tens digit of b(j)?
4
Suppose 19*b - 208463 = 8*b + 115322. What is the units digit of b?
5
Suppose 0*u + 2*r = 5*u - 2111, -2117 = -5*u - r. Suppose 3*n = 4*p + 563, 6*p + u = 3*p + 2*n. What is the hundreds digit of (0/(-2))/4 - (p - -1)?
1
Let p(r) = r**2 - 74*r + 15989. What is the units digit of p(0)?
9
Let c = -666 + 295. What is the hundreds digit of -2 + -2 + 3 - c - 3?
3
Let v = 18293 - 8780. What is the tens digit of v?
1
Suppose -12*t = -b - 7*t + 34, -14 = -b + t. Suppose -b*u - 492 = -2463. What is the units digit of u?
9
Let j(v) = 9*v**3 - 14*v**2 - 2*v + 3. Suppose 7 - 1 = -s. Let r(y) = -8*y**3 + 13*y**2 + y - 2. Let l(n) = s*j(n) - 7*r(n). What is the tens digit of l(4)?
3
What is the units digit of ((-858)/660 - 1/5)*29702/(-3)?
1
Let x be (-60)/(-14) + (-12)/42. Let f(n) = -10*n**2 + 4*n + 8. Let r be f(x). Let c = r - -204. What is the tens digit of c?
6
Suppose 15*u - 115838 = 25642. What is the thousands digit of u?
9
Let l be 102/((-259)/91 + 3). Let k = l + -274. What is the units digit of k?
9
Let r(o) = 10*o + 20. Let k(w) = -2*w - 1. Let s(m) = 6*k(m) - r(m). Let y be s(19). What is the units digit of 1/5 - (3 - y/(-30))?
2
Let m = -73 - -73. Suppose 4*w - 2884 - 5124 = i, m = -5*w - 4*i + 9989. What is the units digit of w?
1
Let g(z) = -z**2 + 11*z + 25. Let q be g(12). Let p be (1/3)/(q/1443). Let m = p - -33. What is the units digit of m?
0
Suppose -28346 = -2*w + i, 5*w - i + 791 = 71653. What is the hundreds digit of w?
1
Suppose 0 = -32*l + 107962 + 177158. What is the thousands digit of l?
8
Suppose 0 = -5*u - h + 28269, -5*h = -10*u + 5*u + 28245. What is the hundreds digit of u?
6
Suppose 36 - 13 = -4*t + o, 2*t - 2*o + 10 = 0. What is the tens digit of 21328/52 - 3/((-117)/t)?
1
Let j = 13461 + -11493. What is the thousands digit of j?
1
Suppose -o - 4*o + 20 = 0. Let v(n) = 170*n**2 - 197*n + 388. Let u be v(2). Suppose 3*h = -3*d + 408, 9*d - u = o*d - 3*h. What is the units digit of d?
3
Let z(b) = -102*b**3 + 1. Suppose 4*o - 2*o + 8 = 0. Let c be ((-2)/o)/(4/(-8)*1). What is the tens digit of z(c)?
0
Let q(f) = -5*f - 8. Let n(i) = -6*i - 9. Let r(a) = -6*n(a) + 7*q(a). Let w be r(2